9) in base 14?
-379
Convert -20231 (base 5) to base 16.
-524
2051 (base 15) to base 13
3151
-6558 (base 9) to base 7
-20042
-1654 (base 15) to base 11
-3678
Convert -243 (base 13) to base 4.
-12021
Convert -1020203 (base 4) to base 12.
-282b
What is 502 (base 11) in base 2?
1001011111
What is 720 (base 12) in base 6?
4440
What is 3351 (base 6) in base 4?
30103
42423 (base 5) to base 8
5457
What is -3a32 (base 11) in base 16?
-1476
What is 3ac (base 15) in base 13?
4c5
Convert -252265 (base 7) to base 6.
-555014
Convert 47e (base 16) to base 4.
101332
Convert -470 (base 13) to base 4.
-23333
What is 1200100 (base 3) in base 7?
3366
What is -daf (base 16) in base 10?
-3503
What is -120431 (base 5) in base 11?
-3413
-220023 (base 4) to base 13
-122a
-10110100100001 (base 2) to base 3
-120211220
What is 124 (base 16) in base 6?
1204
Convert 2040a (base 12) to base 11.
29665
-1322 (base 5) to base 12
-158
What is 35137 (base 8) in base 16?
3a5f
What is -1104422 (base 5) in base 7?
-110310
-c72b (base 13) to base 6
-331412
What is 144202 (base 5) in base 7?
24003
What is -11011101011110 (base 2) in base 10?
-14174
-3316 (base 11) to base 5
-114443
-1010100110101011 (base 2) to base 8
-124653
What is 196a9 (base 12) in base 15?
b0a6
44766 (base 8) to base 5
1101214
10313 (base 10) to base 15
30c8
Convert 202111120 (base 3) to base 7.
61401
What is 75135 (base 10) in base 14?
1d54b
Convert 191a (base 12) to base 16.
be6
What is e04 (base 15) in base 12?
19aa
What is 105043 (base 7) in base 4?
10201321
What is 144 (base 16) in base 15?
169
What is -225 (base 8) in base 5?
-1044
Convert 1110010 (base 2) to base 3.
11020
-6673 (base 10) to base 14
-2609
What is -1114 (base 5) in base 3?
-12220
Convert 101010022 (base 3) to base 7.
30341
-e3 (base 15) to base 11
-184
Convert -223306 (base 7) to base 12.
-1aaba
Convert 15a58 (base 11) to base 13.
a371
What is 60de (base 16) in base 12?
12426
6b0 (base 15) to base 7
4263
Convert -334 (base 14) to base 4.
-21322
What is 2143 (base 6) in base 16?
1ef
What is 572 (base 8) in base 5?
3003
What is 18276 (base 10) in base 14?
6936
-201 (base 7) to base 12
-83
What is -6222 (base 10) in base 14?
-23a6
-113321 (base 4) to base 8
-2771
-235420 (base 6) to base 4
-11003010
-7758 (base 14) to base 2
-101000010110010
What is d29 (base 16) in base 9?
4553
Convert -10534 (base 11) to base 6.
-154431
Convert 11011 (base 3) to base 11.
a2
What is 1740 (base 8) in base 5?
12432
-10010011001111 (base 2) to base 5
-300143
What is 65514 (base 8) in base 13?
c66c
What is -2b7 (base 13) in base 12?
-348
Convert 456 (base 14) to base 10.
860
Convert -1ba7 (base 12) to base 2.
-110101101111
-22b (base 13) to base 3
-111220
Convert -1514 (base 13) to base 4.
-233303
-162ab (base 12) to base 11
-21758
Convert -816 (base 9) to base 6.
-3023
What is -6316 (base 9) in base 6?
-33240
-104025 (base 6) to base 14
-3225
What is -b0 (base 13) in base 4?
-2033
-10414 (base 7) to base 4
-220300
Convert -1000011000000111 (base 2) to base 16.
-8607
What is -3232 (base 6) in base 11?
-613
Convert -2416 (base 13) to base 9.
-6874
-163 (base 12) to base 16
-db
-4606 (base 8) to base 3
-10100022
Convert -3402 (base 13) to base 9.
-10866
Convert -116d (base 14) to base 15.
-d77
Convert 11010023 (base 4) to base 6.
240015
Convert c6c (base 13) to base 8.
4106
Convert -6190 (base 15) to base 10.
-20610
1322c (base 15) to base 9
103006
What is a46 (base 13) in base 4?
123110
Convert 183 (base 13) to base 12.
1b0
332120 (base 5) to base 7
45426
What is 102002120 (base 3) in base 10?
8088
-101002 (base 3) to base 15
-132
-501 (base 7) to base 9
-303
9ab3 (base 12) to base 3
212111100
-2252 (base 6) to base 9
-655
What is 2125 (base 7) in base 6?
3254
Convert 1111011000 (base 2) to base 6.
4320
-1141 (base 9) to base 7
-2320
858 (base 9) to base 2
1010111101
What is 2a78 (base 15) in base 16?
2399
17f (base 16) to base 6
1435
Convert -1113 (base 5) to base 8.
-236
Convert 101000011011110 (base 2) to base 16.
50de
Convert -65761 (base 8) to base 12.
-13ba9
What is -a38 (base 15) in base 3?
-10011022
-1501 (base 6) to base 13
-247
What is -1000000100100 (base 2) in base 7?
-15022
Convert 15012 (base 6) to base 13.
1115
Convert 1742 (base 9) to base 15.
5de
-103554 (base 6) to base 5
-234023
-470 (base 10) to base 15
-215
32223 (base 5) to base 12
1324
-25 (base 12) to base 16
-1d
What is -608 (base 14) in base 4?
-102200
What is 22512 (base 6) in base 3?
11101222
-133312 (base 5) to base 16
-1551
221220 (base 3) to base 8
1273
What is 12326 (base 11) in base 8?
42436
-10011121 (base 3) to base 13
-108a
10110020 (base 3) to base 7
10224
What is -14430 (base 6) in base 4?
-210102
What is -305250 (base 6) in base 15?
-73e0
Convert -117 (base 14) to base 12.
-161
-2024331 (base 5) to base 13
-120a6
Convert 282 (base 14) to base 8.
772
8382 (base 12) to base 8
34022
Convert 4148 (base 10) to base 7.
15044
What is 2036 (base 8) in base 13?
631
-44531 (base 7) to base 2
-10101111101011
What is -11011010101101 (base 2) in base 9?
-21172
36550 (base 7) to base 3
111002101
-5860 (base 10) to base 9
-8031
What is -32001133 (base 4) in base 3?
-2220210101
What is 358 (base 15) in base 2?
1011110110
102020220 (base 3) to base 8
20015
What is -6764 (base 9) in base 12?
-2a87
Convert -879 (base 16) to base 3.
-2222100
Convert -86 (base 11) to base 12.
-7a
Convert -100445 (base 6) to base 11.
-5a77
Convert -2518 (base 16) to base 9.
-14021
What is -1000111101 (base 2) in base 13?
-351
-330 (base 9) to base 14
-154
Convert 1234040 (base 5) to base 6.
304210
2801 (base 9) to base 3
2220001
Convert 23032 (base 4) to base 15.
32d
36e9 (base 15) to base 8
26656
Convert -612 (base 9) to base 5.
-3442
What is -102113 (base 4) in base 11?
-979
Convert 10001010000 (base 2) to base 5.
13404
Convert 232142 (base 5) to base 7.
33361
What is -17a6 (base 12) in base 4?
-230232
-16496 (base 11) to base 5
-1220331
Convert 1110 (base 8) to base 12.
408
Convert 12332101 (base 4) to base 14.
a5a1
-2214 (base 5) to base 14
-181
Convert 1013332 (base 4) to base 11.
3508
What is -31103 (base 4) in base 5?
-11401
-a97 (base 13) to base 16
-716
Convert 1f40 (base 16) to base 5.
224000
19b02 (base 12) to base 11
26501
253 (base 14) to base 2
111010001
What is cc14 (base 13) in base 2?
110111011111001
What is -110002 (base 3) in base 5?
-2301
What is 2433213 (base 5) in base 6?
553122
-37d (base 15) to base 8
-1431
Convert -2031030 (base 4) to base 8.
-21514
What is 5424 (base 6) in base 8?
2330
What is 574 (base 15) in base 9?
1621
What is 210102 (base 3) in base 11?
486
-40 (base 9) to base 15
-26
-1001001111100 (base 2) to base 5
-122412
Convert -1013 (base 9) to base 15.
-346
Convert -290 (base 12) to base 4.
-12030
What is -117 (base 11) in base 6?
-351
What is 42a (base 13) in base 16?
2c8
Convert 4384 (base 14) to base 10.
11680
What is 758 (base 12) in base 7?
3065
What is -54404 (base 6) in base 14?
-2a32
285 (base 16) to base 2
1010000101
What is -1202 (base 6) in base 8?
-442
Convert 488 (base 9) to base 5.
3104
29932 (base 10) to base 15
8d07
Convert 1001010001 (base 2) to base 16.
251
What is 2c4 (base 15) in base 14?
334
What is -3042 (base 7) in base 3?
-1110020
Convert -30211230 (base 4) to base 7.
-303222
2333 (base 4) to base 13
119
-14613 (base 8) to base 6
-50135
3a (base 16) to base 14
42
Convert -36136 (base 10) to base 15.
-aa91
-378 (base 10) to base 15
-1a3
Convert 645 (base 14) to base 9.
1624
Convert 10 (base 16) to base 9.
17
What is -2a7 (base 12) in base 2?
-110011111
275 (base 16) to base 14
32d
What is 122020 (base 3) in base 5?
3330
Convert -860 (base 13) to base 5.
-21210
-239 (base 13) to base 3
-112022
Convert -2302021 (base 4) to base 12.
-6721
What is -226a (base 13) in base 2?
-1001011010100
What is -712 (base 8) in base 10?
-458
Convert -202201120 (base 3) to base 12.
-88b0
-4e04 (base 15) to base 11
-11570
Convert -68bb (base 13) to base 2.
-11100101100000
Convert -1232232 (base 4) to base 9.
-10643
What is 1103 (base 6) in base 5?
2010
What is 29a (base 12) in base 3?
120001
Convert 12211211 (base 3) to base 11.
3224
Convert 434 (base 16) to base 4.
100310
-43d (base 14) to base 16
-347
9443 (base 10) to base 2
10010011100011
What is 4967 (base 11) in 